f 150199?
5
What is the units digit of 309195?
5
What is the millions digit of 7634381?
7
What is the units digit of 374492?
2
What is the thousands digit of 551449?
1
What is the hundreds digit of 6112554?
5
What is the ten thousands digit of 11965697?
6
What is the ten thousands digit of 159906?
5
What is the thousands digit of 91119?
1
What is the thousands digit of 499786?
9
What is the hundreds digit of 21355?
3
What is the units digit of 30722119?
9
What is the hundreds digit of 1580749?
7
What is the hundred thousands digit of 844832?
8
What is the tens digit of 89812?
1
What is the millions digit of 1795192?
1
What is the thousands digit of 318287?
8
What is the ten millions digit of 11275242?
1
What is the tens digit of 797782?
8
What is the ten thousands digit of 321755?
2
What is the thousands digit of 1982528?
2
What is the ten thousands digit of 18099725?
9
What is the thousands digit of 2078151?
8
What is the millions digit of 1550012?
1
What is the hundreds digit of 527164?
1
What is the units digit of 61848?
8
What is the hundreds digit of 711408?
4
What is the millions digit of 3169549?
3
What is the hundred thousands digit of 5509336?
5
What is the ten thousands digit of 4318129?
1
What is the millions digit of 20144756?
0
What is the hundreds digit of 282626?
6
What is the thousands digit of 3110238?
0
What is the hundreds digit of 227151?
1
What is the millions digit of 1504139?
1
What is the hundreds digit of 36399?
3
What is the hundreds digit of 13717844?
8
What is the ten thousands digit of 287777?
8
What is the tens digit of 1514163?
6
What is the hundred thousands digit of 716188?
7
What is the tens digit of 19062858?
5
What is the tens digit of 334550?
5
What is the thousands digit of 4791987?
1
What is the hundred thousands digit of 1318676?
3
What is the ten thousands digit of 35724131?
2
What is the millions digit of 1597235?
1
What is the millions digit of 5419112?
5
What is the ten thousands digit of 205614?
0
What is the hundred thousands digit of 3306644?
3
What is the hundred thousands digit of 174784?
1
What is the hundreds digit of 3518?
5
What is the hundreds digit of 559837?
8
What is the units digit of 2388165?
5
What is the units digit of 1941056?
6
What is the units digit of 20787?
7
What is the ten millions digit of 20247385?
2
What is the tens digit of 28189?
8
What is the units digit of 1853632?
2
What is the hundreds digit of 14958548?
5
What is the ten thousands digit of 958232?
5
What is the thousands digit of 968057?
8
What is the hundred thousands digit of 4360238?
3
What is the tens digit of 4386232?
3
What is the hundred thousands digit of 5551714?
5
What is the hundreds digit of 236111?
1
What is the millions digit of 7459427?
7
What is the hundreds digit of 5107677?
6
What is the units digit of 350384?
4
What is the hundreds digit of 778348?
3
What is the hundred thousands digit of 341486?
3
What is the units digit of 116489?
9
What is the ten thousands digit of 429863?
2
What is the units digit of 608081?
1
What is the ten thousands digit of 1202822?
0
What is the hundred thousands digit of 535372?
5
What is the hundreds digit of 886205?
2
What is the hundred thousands digit of 1754048?
7
What is the millions digit of 10563243?
0
What is the thousands digit of 236999?
6
What is the ten thousands digit of 2817852?
1
What is the hundreds digit of 61512?
5
What is the thousands digit of 8746567?
6
What is the units digit of 92696?
6
What is the units digit of 446137?
7
What is the units digit of 14571802?
2
What is the ten thousands digit of 742015?
4
What is the ten thousands digit of 953606?
5
What is the thousands digit of 1300403?
0
What is the thousands digit of 739456?
9
What is the hundred thousands digit of 3687827?
6
What is the tens digit of 246773?
7
What is the hundred thousands digit of 148938?
1
What is the hundreds digit of 4524541?
5
What is the thousands digit of 108114?
8
What is the thousands digit of 42670992?
0
What is the thousands digit of 1357500?
7
What is the ten thousands digit of 18710922?
1
What is the units digit of 22818485?
5
What is the ten thousands digit of 724255?
2
What is the ten thousands digit of 24100318?
0
What is the hundred thousands digit of 5226624?
2
What is the tens digit of 117843?
4
What is the units digit of 459118?
8
What is the thousands digit of 3174995?
4
What is the hundred thousands digit of 547728?
5
What is the thousands digit of 54581?
4
What is the thousands digit of 35676954?
6
What is the hundred thousands digit of 189633?
1
What is the hundreds digit of 807150?
1
What is the tens digit of 88?
8
What is the units digit of 61554?
4
What is the tens digit of 395728?
2
What is the hundred thousands digit of 5031901?
0
What is the hundreds digit of 833594?
5
What is the hundred thousands digit of 470838?
4
What is the hundreds digit of 3339732?
7
What is the millions digit of 33362449?
3
What is the ten thousands digit of 17047077?
4
What is the hundred thousands digit of 1092771?
0
What is the hundred thousands digit of 354839?
3
What is the tens digit of 4694442?
4
What is the hundred thousands digit of 1682846?
6
What is the ten millions digit of 25002607?
2
What is the units digit of 452050?
0
What is the ten millions digit of 13571024?
1
What is the ten thousands digit of 1827415?
2
What is the tens digit of 6294014?
1
What is the units digit of 32745?
5
What is the thousands digit of 714493?
4
What is the millions digit of 1126159?
1
What is the tens digit of 5593682?
8
What is the ten thousands digit of 160357?
6
What is the millions digit of 1218018?
1
What is the thousands digit of 138455?
8
What is the thousands digit of 21951378?
1
What is the ten millions digit of 10191517?
1
What is the thousands digit of 1314309?
4
What is the units digit of 624825?
5
What is the millions digit of 3149651?
3
What is the thousands digit of 23309820?
9
What is the units digit of 8886611?
1
What is the hundreds digit of 708596?
5
What is the ten millions digit of 15309124?
1
What is the ten thousands digit of 1529896?
2
What is the tens digit of 88236?
3
What is the tens digit of 3440599?
9
What is the thousands digit of 472849?
2
What is the hundred thousands digit of 453370?
4
What is the units digit of 1215686?
6
What is the hundred thousands digit of 574686?
5
What is the hundred thousands digit of 398406?
3
What is the tens digit of 463398?
9
What is the hundred thousands digit of 17094843?
0
What is the hundreds digit of 20265718?
7
What is the hundreds digit of 3597430?
4
What is the tens digit of 2991404?
0
What is the tens digit of 25141?
4
What is the thousands digit of 5317032?
7
What is the hundreds digit of 59264?
2
What is the units digit of 818025?
5
What is the ten millions digit of 22048736?
2
What is the units digit of 8936306?
6
What is the hundreds digit of 4350073?
0
What is the units digit of 504920?
0
What is the hundreds digit of 525895?
8
What is the thousands digit of 663230?
3
What is the hundreds digit of 4820581?
5
What is the ten thousands digit of 10160840?
6
What is the units digit of 13210108?
8
What is the tens digit of 41194?
9
What is the hundred thousands digit of 215733?
2
What is the ten thousands digit of 19901164?
0
What is the thousands digit of 2137645?
7
What is the units digit of 14340997?
7
What is the units digit of 5751273?
3
What is the tens digit of 482520?
2
What is the tens digit of 68440?
4
What is the ten thousands digit of 4705074?
0
What is the ten thousands digit of 2373293?
7
What is the tens digit of 406316?
1
What is the units digit of 87260?
0
What is the thousands digit of 283659?
3
What is the ten thousands digit of 22029738?
2
What is the tens digit of 581517?
1
What is the thousands digit of 719032?
9
What is the hundred thousands digit of 1844747?
8
What is the thousands digit of 18819967?
9
What is the thousands digit of 535146?
5
What is the units digit of 4577334?
4
What is the ten millions digit of 15730235?
1
What is the tens digit of 8381129?
2
What is the thousands digit of 817321?
7
What is the hundred thousands digit of 210551?
2
What is the hundreds digit of 145215?
2
What is the units digit of 9687658?
8
What is the ten thousands digit of 7680783?
8
What is th